{"id":699,"date":"2021-03-09T16:08:01","date_gmt":"2021-03-09T16:08:01","guid":{"rendered":"https:\/\/www.cristina-flamenco.ch\/flurina-ruoss\/"},"modified":"2022-08-17T13:48:18","modified_gmt":"2022-08-17T13:48:18","slug":"flurina-ruoss","status":"publish","type":"page","link":"https:\/\/www.cristina-flamenco.ch\/es\/flurina-ruoss\/","title":{"rendered":"Flurina Ruoss"},"content":{"rendered":"\n<div class=\"wp-block-media-text alignwide is-stacked-on-mobile\"><figure class=\"wp-block-media-text__media\"><img loading=\"lazy\" decoding=\"async\" width=\"683\" height=\"1024\" src=\"https:\/\/www.cristina-flamenco.ch\/wp-content\/uploads\/2021\/04\/2018_flamencopiano_078-683x1024.jpg\" alt=\"\" class=\"wp-image-223 size-full\" srcset=\"https:\/\/www.cristina-flamenco.ch\/wp-content\/uploads\/2021\/04\/2018_flamencopiano_078-683x1024.jpg 683w, https:\/\/www.cristina-flamenco.ch\/wp-content\/uploads\/2021\/04\/2018_flamencopiano_078-200x300.jpg 200w, https:\/\/www.cristina-flamenco.ch\/wp-content\/uploads\/2021\/04\/2018_flamencopiano_078-768x1152.jpg 768w, https:\/\/www.cristina-flamenco.ch\/wp-content\/uploads\/2021\/04\/2018_flamencopiano_078-1024x1536.jpg 1024w, https:\/\/www.cristina-flamenco.ch\/wp-content\/uploads\/2021\/04\/2018_flamencopiano_078-1365x2048.jpg 1365w, https:\/\/www.cristina-flamenco.ch\/wp-content\/uploads\/2021\/04\/2018_flamencopiano_078-scaled.jpg 1707w\" sizes=\"auto, (max-width: 683px) 100vw, 683px\" \/><\/figure><div class=\"wp-block-media-text__content\">\n<p class=\"has-normal-font-size\">Nacida en Rapperswil\u2013Jona, Flurina Ruoss estudi\u00f3 cante en el conservatorio de Z\u00farich y en el de Berna. En 2019 consigui\u00f3 con \u00e9xito el Master Performance con Malin Hartelius. Sobre el escenario, sus actuaciones abarcan los mundos de la \u00f3pera, la zarzuela, la canci\u00f3n rom\u00e1ntica y las \u00abchansons\u00bb de la \u00e9poca dorada.<br><a rel=\"noreferrer noopener\" href=\"http:\/\/www.flurinaruoss.com\/\" target=\"_blank\">www.flurinaruoss.com<\/a><\/p>\n<\/div><\/div>\n","protected":false},"excerpt":{"rendered":"<p>Nacida en Rapperswil\u2013Jona, Flurina Ruoss estudi\u00f3 cante en el conservatorio de Z\u00farich y en el de Berna. En 2019 consigui\u00f3 con \u00e9xito el Master Performance &hellip;<\/p>\n","protected":false},"author":1,"featured_media":586,"parent":0,"menu_order":130,"comment_status":"closed","ping_status":"closed","template":"","meta":{"footnotes":""},"class_list":["post-699","page","type-page","status-publish","has-post-thumbnail","hentry"],"_links":{"self":[{"href":"https:\/\/www.cristina-flamenco.ch\/es\/wp-json\/wp\/v2\/pages\/699","targetHints":{"allow":["GET"]}}],"collection":[{"href":"https:\/\/www.cristina-flamenco.ch\/es\/wp-json\/wp\/v2\/pages"}],"about":[{"href":"https:\/\/www.cristina-flamenco.ch\/es\/wp-json\/wp\/v2\/types\/page"}],"author":[{"embeddable":true,"href":"https:\/\/www.cristina-flamenco.ch\/es\/wp-json\/wp\/v2\/users\/1"}],"replies":[{"embeddable":true,"href":"https:\/\/www.cristina-flamenco.ch\/es\/wp-json\/wp\/v2\/comments?post=699"}],"version-history":[{"count":2,"href":"https:\/\/www.cristina-flamenco.ch\/es\/wp-json\/wp\/v2\/pages\/699\/revisions"}],"predecessor-version":[{"id":1274,"href":"https:\/\/www.cristina-flamenco.ch\/es\/wp-json\/wp\/v2\/pages\/699\/revisions\/1274"}],"wp:featuredmedia":[{"embeddable":true,"href":"https:\/\/www.cristina-flamenco.ch\/es\/wp-json\/wp\/v2\/media\/586"}],"wp:attachment":[{"href":"https:\/\/www.cristina-flamenco.ch\/es\/wp-json\/wp\/v2\/media?parent=699"}],"curies":[{"name":"wp","href":"https:\/\/api.w.org\/{rel}","templated":true}]}}

<div class="wp-block-media-text alignwide is-stacked-on-mobile"><figure class="wp-block-media-text__media"><img loading="lazy" decoding="async" width="683" height="1024" src="https://www.cristina-flamenco.ch/wp-content/uploads/2021/04/2018_flamencopiano_078-683x1024.jpg" alt="" class="wp-image-223 size-full" srcset="https://www.cristina-flamenco.ch/wp-content/uploads/2021/04/2018_flamencopiano_078-683x1024.jpg 683w, https://www.cristina-flamenco.ch/wp-content/uploads/2021/04/2018_flamencopiano_078-200x300.jpg 200w, https://www.cristina-flamenco.ch/wp-content/uploads/2021/04/2018_flamencopiano_078-768x1152.jpg 768w, https://www.cristina-flamenco.ch/wp-content/uploads/2021/04/2018_flamencopiano_078-1024x1536.jpg 1024w, https://www.cristina-flamenco.ch/wp-content/uploads/2021/04/2018_flamencopiano_078-1365x2048.jpg 1365w, https://www.cristina-flamenco.ch/wp-content/uploads/2021/04/2018_flamencopiano_078-scaled.jpg 1707w" sizes="auto, (max-width: 683px) 100vw, 683px" /></figure><div class="wp-block-media-text__content">
<p class="has-normal-font-size">Nacida en Rapperswil–Jona, Flurina Ruoss estudió cante en el conservatorio de Zúrich y en el de Berna. En 2019 consiguió con éxito el Master Performance con Malin Hartelius. Sobre el escenario, sus actuaciones abarcan los mundos de la ópera, la zarzuela, la canción romántica y las «chansons» de la época dorada.<br><a rel="noreferrer noopener" href="http://www.flurinaruoss.com/" target="_blank">www.flurinaruoss.com</a></p>
</div></div>

<p>Nacida en Rapperswil–Jona, Flurina Ruoss estudió cante en el conservatorio de Zúrich y en el de Berna. En 2019 consiguió con éxito el Master Performance &hellip;</p>
